{"id":44039,"date":"2023-03-24T08:26:21","date_gmt":"2023-03-24T07:26:21","guid":{"rendered":"https:\/\/www.leblogdescoutheillas.com\/?page_id=44039"},"modified":"2024-05-01T08:59:32","modified_gmt":"2024-05-01T06:59:32","slug":"livres-publies","status":"publish","type":"page","link":"https:\/\/www.leblogdescoutheillas.com\/?page_id=44039","title":{"rendered":"LIVRES PUBLI\u00c9S"},"content":{"rendered":"<p style=\"text-align: justify;\"><i><img loading=\"lazy\" decoding=\"async\" class=\"alignleft wp-image-583\" src=\"https:\/\/www.leblogdescoutheillas.com\/wp-content\/uploads\/2014\/01\/123-PC-DALI_IMG-279x300.jpg\" alt=\"\" width=\"89\" height=\"96\" srcset=\"https:\/\/www.leblogdescoutheillas.com\/wp-content\/uploads\/2014\/01\/123-PC-DALI_IMG-279x300.jpg 279w, https:\/\/www.leblogdescoutheillas.com\/wp-content\/uploads\/2014\/01\/123-PC-DALI_IMG.jpg 447w\" sizes=\"auto, (max-width: 89px) 100vw, 89px\" \/><span style=\"color: #0000ff;\">J\u2019\u00e9cris des mots ; depuis une douzaine d\u2019ann\u00e9es, j\u2019\u00e9cris des mots, tr\u00e8s r\u00e9guli\u00e8rement, tout le temps, partout, le matin dans les caf\u00e9s, l\u2019apr\u00e8s-midi dans les jardins, le soir chez moi\u2026 <\/span><\/i><i style=\"color: #0000ff;\">J\u2019\u00e9cris des petites chroniques d\u2019humeur, des critiques de cin\u00e9ma, de th\u00e9\u00e2tre et de litt\u00e9rature ; j\u2019\u00e9cris des histoires courtes, quelques pages, des nouvelles, un peu plus longues, et m\u00eame des romans, trois courts et un de bonne longueur.<\/i> <i style=\"color: #0000ff;\">Tous ces \u00e9crits, je les fais para\u00eetre sous forme de feuilleton dans ce blog, Le Journal des Coutheillas. <\/i><i><span style=\"color: #0000ff;\">\u00a0Ensuite, ils <span style=\"caret-color: #0000ff;\">paraissent<\/span> en livre broch\u00e9 et en format Kindle chez Amazon. Pour y acc\u00e9der, tapez seulement \u00ab\u00a0Philippe Coutheillas\u00a0\u00bb dans la case \u00ab\u00a0recherche\u00a0\u00bb d&rsquo;Amazon.fr<\/span><\/i><\/p>\n<p style=\"text-align: justify;\"><strong><a href=\"https:\/\/www.amazon.fr\/Blind-dinner-Philippe-Coutheillas\/dp\/B0BZC5754C\/ref=sr_1_2?crid=3PKMTBGTQVTTU&amp;keywords=philippe+coutheillas&amp;qid=1689940917&amp;sprefix=%2Caps%2C188&amp;sr=8-2\" target=\"_blank\" rel=\"noopener\"><img loading=\"lazy\" decoding=\"async\" class=\"alignleft wp-image-43886\" src=\"https:\/\/www.leblogdescoutheillas.com\/wp-content\/uploads\/2023\/03\/Couverture-Blind-dinner-1-233x300.jpeg\" alt=\"\" width=\"102\" height=\"131\" srcset=\"https:\/\/www.leblogdescoutheillas.com\/wp-content\/uploads\/2023\/03\/Couverture-Blind-dinner-1-233x300.jpeg 233w, https:\/\/www.leblogdescoutheillas.com\/wp-content\/uploads\/2023\/03\/Couverture-Blind-dinner-1-745x960.jpeg 745w, https:\/\/www.leblogdescoutheillas.com\/wp-content\/uploads\/2023\/03\/Couverture-Blind-dinner-1-768x990.jpeg 768w, https:\/\/www.leblogdescoutheillas.com\/wp-content\/uploads\/2023\/03\/Couverture-Blind-dinner-1-1192x1536.jpeg 1192w, https:\/\/www.leblogdescoutheillas.com\/wp-content\/uploads\/2023\/03\/Couverture-Blind-dinner-1-1589x2048.jpeg 1589w, https:\/\/www.leblogdescoutheillas.com\/wp-content\/uploads\/2023\/03\/Couverture-Blind-dinner-1-scaled.jpeg 1986w\" sizes=\"auto, (max-width: 102px) 100vw, 102px\" \/><\/a>Blind dinner<span class=\"Apple-converted-space\"><br \/>\n<\/span><\/strong>Un \u00ab\u00a0Blind dinner\u00a0\u00bb, c\u2019est un d\u00eener un peu particulier dans lequel les invit\u00e9s ne se connaissent pas. Dans les beaux quartiers, c\u2019est tr\u00e8s \u00e0 la mode. Ren\u00e9e, la maitresse de maison, trouve cela tr\u00e8s chic et parfois follement dr\u00f4le.<span class=\"Apple-converted-space\">\u00a0 <\/span>Mais ce soir l\u00e0, quand on a commenc\u00e9 \u00e0 parler d\u2019un myst\u00e9rieux virus venant de Chine, le diner a vite tourn\u00e9 au vinaigre.<\/p>\n<p style=\"text-align: justify;\"><strong><a href=\"https:\/\/www.amazon.fr\/MITRO-autres-dr\u00f4les-dhistoires\/dp\/B0C2RTN6X1\/ref=sr_1_3?crid=3PKMTBGTQVTTU&amp;keywords=philippe+coutheillas&amp;qid=1689940917&amp;sprefix=,aps,188&amp;sr=8-3\" target=\"_blank\" rel=\"noopener\"><img loading=\"lazy\" decoding=\"async\" class=\"alignleft wp-image-44568\" src=\"https:\/\/www.leblogdescoutheillas.com\/wp-content\/uploads\/2023\/04\/La-mitro-188x300.png\" alt=\"\" width=\"89\" height=\"142\" srcset=\"https:\/\/www.leblogdescoutheillas.com\/wp-content\/uploads\/2023\/04\/La-mitro-188x300.png 188w, https:\/\/www.leblogdescoutheillas.com\/wp-content\/uploads\/2023\/04\/La-mitro.png 288w\" sizes=\"auto, (max-width: 89px) 100vw, 89px\" \/><\/a>LA MITRO et autres dr\u00f4les d\u2019histoires<span class=\"Apple-converted-space\"><br \/>\n<\/span><\/strong>C\u2019est un recueil de nouvelles qui porte le titre de la premi\u00e8re d\u2019entre elles. Assez inspir\u00e9e par Marcel Pagnol, il faut la lire avec l\u2019accent. Les autres nouvelles revisitent aussi bien l\u2019assassinat de Jules C\u00e9sar que les jeux t\u00e9l\u00e9vis\u00e9s, les petits meurtres sans importance, l\u2019effet papillon ou la mani\u00e8re d\u2019acc\u00e9der auParadis.<\/p>\n<p>&nbsp;<\/p>\n<p style=\"text-align: justify;\"><strong><a href=\"https:\/\/www.amazon.fr\/Histoire-Dashiell-Stiller-Philippe-Coutheillas\/dp\/B0C9SB2MLZ\/ref=sr_1_1?crid=1WT8H2NAMGQK6&amp;keywords=philippe+coutheillas&amp;qid=1689696166&amp;sprefix=,aps,141&amp;sr=8-1\" target=\"_blank\" rel=\"noopener\"><img loading=\"lazy\" decoding=\"async\" class=\"wp-image-46291 alignleft\" src=\"https:\/\/www.leblogdescoutheillas.com\/wp-content\/uploads\/2023\/07\/Couverture-HDS.png\" alt=\"\" width=\"104\" height=\"165\" srcset=\"https:\/\/www.leblogdescoutheillas.com\/wp-content\/uploads\/2023\/07\/Couverture-HDS.png 215w, https:\/\/www.leblogdescoutheillas.com\/wp-content\/uploads\/2023\/07\/Couverture-HDS-189x300.png 189w\" sizes=\"auto, (max-width: 104px) 100vw, 104px\" \/><\/a>Histoire de Dashiell Stiller<\/strong><br \/>\nParis 1935. Dashiell, jeune touriste Am\u00e9ricain, prend une photographie de la terrasse d\u2019un caf\u00e9 du Boulevard St-Michel, le Cujas. Treize ann\u00e9es plus tard, il est de retour \u00e0 Paris pour rencontrer les huit personnages qui se trouvaient sur la photo. Il les fait parler sur leur vie, sur la fa\u00e7on dont ils ont v\u00e9cu cette p\u00e9riode troubl\u00e9e de la guerre, l\u2019Occupation, la R\u00e9sistance, la Collaboration, les Camps, la Lib\u00e9ration&#8230; Mais pourquoi fait-il cela ? Pour \u00e9crire un roman ? Pour retrouver quelqu\u2019un ? Pour expier un crime ? Pour retrouver sa propre histoire, l\u2019histoire de Dashiell Stiller ?<\/p>\n<p style=\"text-align: justify;\"><a href=\"https:\/\/amzn.eu\/d\/d4Z9dtf\" target=\"_blank\" rel=\"noopener\"><strong><img loading=\"lazy\" decoding=\"async\" class=\"alignleft wp-image-47905\" src=\"https:\/\/www.leblogdescoutheillas.com\/wp-content\/uploads\/2023\/11\/Philippines-Couv.-V4-ter-175x300.png\" alt=\"\" width=\"101\" height=\"173\" srcset=\"https:\/\/www.leblogdescoutheillas.com\/wp-content\/uploads\/2023\/11\/Philippines-Couv.-V4-ter-175x300.png 175w, https:\/\/www.leblogdescoutheillas.com\/wp-content\/uploads\/2023\/11\/Philippines-Couv.-V4-ter-560x960.png 560w, https:\/\/www.leblogdescoutheillas.com\/wp-content\/uploads\/2023\/11\/Philippines-Couv.-V4-ter-768x1315.png 768w, https:\/\/www.leblogdescoutheillas.com\/wp-content\/uploads\/2023\/11\/Philippines-Couv.-V4-ter-897x1536.png 897w, https:\/\/www.leblogdescoutheillas.com\/wp-content\/uploads\/2023\/11\/Philippines-Couv.-V4-ter-1196x2048.png 1196w, https:\/\/www.leblogdescoutheillas.com\/wp-content\/uploads\/2023\/11\/Philippines-Couv.-V4-ter.png 1508w\" sizes=\"auto, (max-width: 101px) 100vw, 101px\" \/><span style=\"color: #333333;\">Bonjour, Philippines et autres rencontres<\/span><\/strong><\/a><br \/>\n<span style=\"color: #333333;\">Petit livre sans importance, recueil de r\u00e9cits de rencontres et d\u2019aventures, graves ou anodines, que j\u2019ai v\u00e9cues un peu partout \u00e0 travers le monde, \u00e0 Manille et \u00e0 Cagayan de Oro, \u00e0 T\u00e9h\u00e9ran et \u00e0 Ath\u00e8nes, \u00e0 Ouagadougou et Bobo-Diouasso, \u00e0 Douala et \u00e0 Bamako, au Br\u00e9sil et en Ukraine, \u00e0 Sumatra et dans la Vall\u00e9e de la Mort. La plupart du temps, leur narration est v\u00e9ridique, mais parfois, j\u2019avoue que je me suis laiss\u00e9 aller \u00e0 les romancer un peu. Apr\u00e8s tout, je ne serai pas le premier.<\/span><\/p>\n<p>&nbsp;<\/p>\n<p style=\"text-align: justify;\"><a href=\"https:\/\/www.amazon.fr\/Histoire-No\u00ebl-autres-contes-cruels\/dp\/B0CNSN8XGK\/ref=sr_1_2?crid=36MFQG7XM2L8E&amp;keywords=philippe+coutheillas&amp;qid=1702102633&amp;sprefix=,aps,126&amp;sr=8-2\" target=\"_blank\" rel=\"noopener\"><strong><img loading=\"lazy\" decoding=\"async\" class=\"alignleft wp-image-48351\" src=\"https:\/\/www.leblogdescoutheillas.com\/wp-content\/uploads\/2023\/12\/Histoire-de-Noel-Couv.1-214x300.jpg\" alt=\"\" width=\"103\" height=\"145\" srcset=\"https:\/\/www.leblogdescoutheillas.com\/wp-content\/uploads\/2023\/12\/Histoire-de-Noel-Couv.1-214x300.jpg 214w, https:\/\/www.leblogdescoutheillas.com\/wp-content\/uploads\/2023\/12\/Histoire-de-Noel-Couv.1-686x960.jpg 686w, https:\/\/www.leblogdescoutheillas.com\/wp-content\/uploads\/2023\/12\/Histoire-de-Noel-Couv.1-768x1075.jpg 768w, https:\/\/www.leblogdescoutheillas.com\/wp-content\/uploads\/2023\/12\/Histoire-de-Noel-Couv.1.jpg 1057w\" sizes=\"auto, (max-width: 103px) 100vw, 103px\" \/><span style=\"color: #000000;\">Histoire de No\u00ebl et autres contes cruels<\/span><br \/>\n<\/strong><span style=\"color: #000000;\">Ce petit bouquin n\u2019est pas destin\u00e9 \u00e0 \u00eatre mis entre toutes les mains.<\/span><\/a><br \/>\n<span style=\"color: #000000;\">En effet, et contrairement \u00e0 ce que pourrait laisser croire une interpr\u00e9tation trop rapide de son titre, il ne s\u2019agit pas du tout, mais alors pas du tout,<\/span> d\u2019un recueil de belles histoires de No\u00ebl, d\u00e9goulinantes de bont\u00e9, de morale et de confiture.<br \/>\nConnaissez-vous la l\u00e9gende de la Mort \u00e0 Samarcande ? Non ? C\u2019est un beau et terrible po\u00e8me persan du XII\u00e8me si\u00e8cle dans lequel un Vizir qui vient de croiser la Mort dans une rue de Bagdad croit lui \u00e9chapper en s\u2019enfuyant \u00e0 Samarcande alors que c\u2019est justement l\u00e0 que, sans le savoir, il a rendez-vous ce soir avec elle.<br \/>\nEh bien, pour la plupart, les nouvelles qui composent\u00a0<strong><em>Histoire de No\u00ebl<\/em><\/strong> s\u2019inspirent de cette fatalit\u00e9 ironique : c\u2019est en croyant fuir son destin que l\u2019homme s\u2019y pr\u00e9cipite.<\/p>\n<p>&nbsp;<\/p>\n<p><a href=\"https:\/\/www.amazon.fr\/disparus-rue-Rennes-Philippe-Coutheillas\/dp\/B0CPW7F5PN\/ref=sr_1_2?crid=1HH0AL7RKN8LX&amp;dib=eyJ2IjoiMSJ9.tJkUUEXxQH7kQELMW9DGkdQwLtt4AWKYIieVWm9LN02I4CJnmOQwYqdGR43ZC_lvFQNsc1zBI_2ccUz64izmL3EnruTECgmVrBJCQ24lN_5GD-XF-vZjgfj59RapHdt_sYUAueS4Qvw6GL8XKDZ4Og.5kuuD7bAWOmaArusB2HXqgG9JExMHo3dJSqL8GZwLhM&amp;dib_tag=se&amp;keywords=philippe+coutheillas&amp;qid=1711468401&amp;sprefix=,aps,95&amp;sr=8-2\" target=\"_blank\" rel=\"noopener\"><img loading=\"lazy\" decoding=\"async\" class=\"alignleft wp-image-48375\" src=\"https:\/\/www.leblogdescoutheillas.com\/wp-content\/uploads\/2023\/12\/Couverture-Rennes-18-MO-214x300.jpg\" alt=\"\" width=\"107\" height=\"149\" srcset=\"https:\/\/www.leblogdescoutheillas.com\/wp-content\/uploads\/2023\/12\/Couverture-Rennes-18-MO-214x300.jpg 214w, https:\/\/www.leblogdescoutheillas.com\/wp-content\/uploads\/2023\/12\/Couverture-Rennes-18-MO-686x960.jpg 686w, https:\/\/www.leblogdescoutheillas.com\/wp-content\/uploads\/2023\/12\/Couverture-Rennes-18-MO-768x1075.jpg 768w, https:\/\/www.leblogdescoutheillas.com\/wp-content\/uploads\/2023\/12\/Couverture-Rennes-18-MO-1097x1536.jpg 1097w, https:\/\/www.leblogdescoutheillas.com\/wp-content\/uploads\/2023\/12\/Couverture-Rennes-18-MO-1463x2048.jpg 1463w, https:\/\/www.leblogdescoutheillas.com\/wp-content\/uploads\/2023\/12\/Couverture-Rennes-18-MO-scaled.jpg 1828w\" sizes=\"auto, (max-width: 107px) 100vw, 107px\" \/><\/a><\/p>\n<div class=\"\">\n<div class=\"\">\n<div class=\"\" dir=\"auto\">\n<div class=\"\">\n<div class=\"\">\n<div class=\"\" dir=\"auto\">\n<p style=\"font-weight: 400; text-align: justify;\"><strong>Les disparus de la rue de Rennes<\/strong><br \/>\nC\u2019est la panique \u00e0 la Mairie de Paris : alors qu\u2019il proc\u00e9dait \u00e0 un contr\u00f4le de routine, Roger Ratinet, agent municipal affect\u00e9 \u00e0 la v\u00e9rification de la conformit\u00e9 des plaques de rue \u00e0 la parit\u00e9 homme\/femme a d\u00e9couvert que toute une section de la rue de Rennes avait disparu. Eh oui ! Disparu ! Comme \u00e7a, en plein Paris, sans qu\u2019on puisse savoir ni quand, ni pourquoi, ni comment. Trois cents m\u00e8tres de rue, une quarantaine d\u2019immeubles ! Rien que \u00e7a ! Introuvables ! \u00c7a fait d\u00e9sordre, non ? Bien s\u00fbr, il a fallu en informer Madame Hidalgo. \u00ab Comment ! Comment ! a explos\u00e9 la Maire en furie. Plus de trois cents m\u00e8tres de rue disparaissent en plein milieu de Saint Germain des Pr\u00e9s et personne n\u2019est fichu de me dire o\u00f9 ils sont pass\u00e9s\u2009! \u00bb<br \/>\nL\u2019affaire est encore secr\u00e8te, mais le scandale couve et, bient\u00f4t, la presse s\u2019en m\u00eale, et aussi Cottard, le chef de bureau jaloux de Roger Ratinet, et puis Yvonne, l\u2019\u00e9pouse de Roger Ratinet. Comme d\u2019habitude, le Dir.Cab de la Maire, Hubert Lubherlu est d\u00e9pass\u00e9.<br \/>\nHeureusement, Anne Hidalgo est solide ; en mati\u00e8re de scandale, elle en a vu d\u2019autres. Mais survivra-t-elle \u00e0 celui-ci ? Rien n\u2019est moins s\u00fbr.<\/p>\n<\/div>\n<p><a href=\"https:\/\/www.amazon.fr\/trois-premi\u00e8res-fois-nouvelles-optimistes\/dp\/B0CTHJTFNL\/ref=sr_1_1?crid=1HH0AL7RKN8LX&amp;dib=eyJ2IjoiMSJ9.tJkUUEXxQH7kQELMW9DGkdQwLtt4AWKYIieVWm9LN02I4CJnmOQwYqdGR43ZC_lvFQNsc1zBI_2ccUz64izmL3EnruTECgmVrBJCQ24lN_5GD-XF-vZjgfj59RapHdt_sYUAueS4Qvw6GL8XKDZ4Og.5kuuD7bAWOmaArusB2HXqgG9JExMHo3dJSqL8GZwLhM&amp;dib_tag=se&amp;keywords=philippe+coutheillas&amp;qid=1711468401&amp;sprefix=,aps,95&amp;sr=8-1\" target=\"_blank\" rel=\"noopener\"><img loading=\"lazy\" decoding=\"async\" class=\"alignleft wp-image-49381\" src=\"https:\/\/www.leblogdescoutheillas.com\/wp-content\/uploads\/2024\/03\/Couv.-3-premieres-fois-V1-copie-197x300.jpeg\" alt=\"\" width=\"101\" height=\"154\" srcset=\"https:\/\/www.leblogdescoutheillas.com\/wp-content\/uploads\/2024\/03\/Couv.-3-premieres-fois-V1-copie-197x300.jpeg 197w, https:\/\/www.leblogdescoutheillas.com\/wp-content\/uploads\/2024\/03\/Couv.-3-premieres-fois-V1-copie-631x960.jpeg 631w, https:\/\/www.leblogdescoutheillas.com\/wp-content\/uploads\/2024\/03\/Couv.-3-premieres-fois-V1-copie-768x1169.jpeg 768w, https:\/\/www.leblogdescoutheillas.com\/wp-content\/uploads\/2024\/03\/Couv.-3-premieres-fois-V1-copie-1009x1536.jpeg 1009w, https:\/\/www.leblogdescoutheillas.com\/wp-content\/uploads\/2024\/03\/Couv.-3-premieres-fois-V1-copie-1345x2048.jpeg 1345w, https:\/\/www.leblogdescoutheillas.com\/wp-content\/uploads\/2024\/03\/Couv.-3-premieres-fois-V1-copie-scaled.jpeg 1682w\" sizes=\"auto, (max-width: 101px) 100vw, 101px\" \/><\/a><\/p>\n<\/div>\n<\/div>\n<\/div>\n<\/div>\n<\/div>\n<div class=\"\">\n<div class=\"\">\n<div class=\"\" dir=\"auto\">\n<div class=\"\">\n<div class=\"\">\n<div class=\"\" dir=\"auto\">\n<p style=\"font-weight: 400; text-align: justify;\"><strong>Les trois premi\u00e8res fois et autres nouvelles optimistes<br \/>\n<\/strong> Un soir dans un port, trois hommes attendent le d\u00e9part de leur bateau. Pour passer le temps, ils racontent chacun une \u00ab\u00a0premi\u00e8re fois\u00a0\u00bb. Un autre jour, un autre homme explique comment il faut se tenir dans la rue quand on porte un bouquet de fleurs. Un autre soir, un incident \u00e0 la fronti\u00e8re syrienne va-t-il transformer en drame un beau week-end de tourisme. En fin d&rsquo;apr\u00e8s-midi, un homme \u00e9crit \u00e0 cot\u00e9 de son chien qui dort. Un beau matin, un groupe d&rsquo;enfants qui se rend au jardin du Luxembourg passe devant la terrasse d&rsquo;un caf\u00e9 ; des clients attabl\u00e9s les regardent passer ; leurs points de vue diff\u00e8rent. La peur de l&rsquo;avion, \u00e7a se soigne.<br \/>\nQuatorze nouvelles, dr\u00f4les ou \u00e9mouvantes, quatorze textes ironiques ou sensibles, quatorze fa\u00e7ons, r\u00e9alistes ou po\u00e9tiques, d&rsquo;\u00eatre optimiste.<\/p>\n<\/div>\n<\/div>\n<\/div>\n<\/div>\n<\/div>\n<\/div>\n<blockquote class=\"\">\n<div class=\"\">\n<div class=\"\">\n<div class=\"\" dir=\"auto\">\n<blockquote class=\"\">\n<div class=\"\">\n<div class=\"\">\n<div class=\"\" dir=\"auto\">\n<p style=\"text-align: center;\"><span style=\"color: #ff0000;\"><b>Pour trouver l\u2019un de ces livres sur Amazon, il vous suffit de cliquer sur la photo de la couverture correspondante.<\/b><\/span><\/p>\n<\/div>\n<\/div>\n<\/div>\n<\/blockquote>\n<\/div>\n<\/div>\n<\/div>\n<\/blockquote>\n","protected":false},"excerpt":{"rendered":"<p>J\u2019\u00e9cris des mots ; depuis une douzaine d\u2019ann\u00e9es, j\u2019\u00e9cris des mots, tr\u00e8s r\u00e9guli\u00e8rement, tout le temps, partout, le matin dans les caf\u00e9s, l\u2019apr\u00e8s-midi dans les jardins, le soir chez moi\u2026 J\u2019\u00e9cris des petites chroniques d\u2019humeur, des critiques de cin\u00e9ma, de th\u00e9\u00e2tre et de litt\u00e9rature ; j\u2019\u00e9cris des histoires courtes, quelques pages, des nouvelles, un peu &hellip; <a href=\"https:\/\/www.leblogdescoutheillas.com\/?page_id=44039\" class=\"more-link\">Continuer la lecture de <span class=\"screen-reader-text\">LIVRES PUBLI\u00c9S<\/span> <span class=\"meta-nav\">&rarr;<\/span><\/a><\/p>\n","protected":false},"author":1,"featured_media":0,"parent":0,"menu_order":0,"comment_status":"open","ping_status":"closed","template":"","meta":{"_mo_disable_npp":"","footnotes":""},"class_list":["post-44039","page","type-page","status-publish","hentry"],"jetpack_sharing_enabled":true,"_links":{"self":[{"href":"https:\/\/www.leblogdescoutheillas.com\/index.php?rest_route=\/wp\/v2\/pages\/44039","targetHints":{"allow":["GET"]}}],"collection":[{"href":"https:\/\/www.leblogdescoutheillas.com\/index.php?rest_route=\/wp\/v2\/pages"}],"about":[{"href":"https:\/\/www.leblogdescoutheillas.com\/index.php?rest_route=\/wp\/v2\/types\/page"}],"author":[{"embeddable":true,"href":"https:\/\/www.leblogdescoutheillas.com\/index.php?rest_route=\/wp\/v2\/users\/1"}],"replies":[{"embeddable":true,"href":"https:\/\/www.leblogdescoutheillas.com\/index.php?rest_route=%2Fwp%2Fv2%2Fcomments&post=44039"}],"version-history":[{"count":0,"href":"https:\/\/www.leblogdescoutheillas.com\/index.php?rest_route=\/wp\/v2\/pages\/44039\/revisions"}],"wp:attachment":[{"href":"https:\/\/www.leblogdescoutheillas.com\/index.php?rest_route=%2Fwp%2Fv2%2Fmedia&parent=44039"}],"curies":[{"name":"wp","href":"https:\/\/api.w.org\/{rel}","templated":true}]}}