{"id":21910,"date":"2020-02-19T13:59:32","date_gmt":"2020-02-19T12:59:32","guid":{"rendered":"http:\/\/www.leblogdescoutheillas.com\/?page_id=21910"},"modified":"2023-07-21T11:52:16","modified_gmt":"2023-07-21T09:52:16","slug":"mentions-legales","status":"publish","type":"page","link":"https:\/\/www.leblogdescoutheillas.com\/?page_id=21910","title":{"rendered":"MENTIONS L\u00c9GALES &#038; COOKIES"},"content":{"rendered":"<p style=\"text-align: justify;\"><span style=\"color: #0000ff;\"><strong><span style=\"text-decoration: underline;\">Gestion des informations<\/span><\/strong><\/span><br \/>\n<span style=\"color: #0000ff;\">La r\u00e9glementation de la Communaut\u00e9 Europ\u00e9enne impose \u00e0 tout organe de presse de pr\u00e9ciser sa politique en mati\u00e8re de gestion des informations recueillies sur ses lecteurs \u00e0 l\u2019occasion de leurs visites sur son site. Pour se conformer \u00e0 cette r\u00e9glementation, le Journal des Coutheillas pr\u00e9cise qu\u2019il ne recueille ni, a fortiori, ne conserve aucune information sur quoi que ce soit car il n\u2019utilise pas de cookies. Pourquoi ? Mais, parce que, de vos go\u00fbts, de vos pr\u00e9f\u00e9rences, de vos habitudes et de vos petites manies, il n\u2019a vraiment rien \u00e0 cirer.<\/span><\/p>\n<p style=\"text-align: justify;\"><span style=\"color: #0000ff;\">N\u00e9anmoins, et pour satisfaire tout un tas de r\u00e8glements, le Journal des Coutheillas est soumis \u00e0 l\u2019obligation de publier ce qui suit. Vous, vous n\u2019\u00eates pas du tout oblig\u00e9 de le lire.<\/span><\/p>\n<h3 style=\"text-align: justify;\"><span style=\"text-decoration: underline;\">Mentions l\u00e9gales<\/span><\/h3>\n<p style=\"text-align: justify;\">En vigueur au 01\/01\/2023<\/p>\n<p style=\"text-align: justify;\">Conform\u00e9ment aux dispositions des Articles 6-III et 19 de la Loi n\u00b02004-575 du 21 juin 2004 pour la Confiance dans l\u2019\u00e9conomie num\u00e9rique, dite L.C.E.N., il est port\u00e9 \u00e0 la connaissance des utilisateurs et visiteurs, ci-apr\u00e8s \u00ab\u00a0l&rsquo;Utilisateur\u00a0\u00bb, du site https:\/\/www.leblogdescoutheillas.com\/ , ci-apr\u00e8s le \u00ab\u00a0Site\u00a0\u00bb, les pr\u00e9sentes mentions l\u00e9gales.<br \/>\nLa connexion et la navigation sur le Site par l\u2019Utilisateur implique acceptation int\u00e9grale et sans r\u00e9serve des pr\u00e9sentes mentions l\u00e9gales.<br \/>\nCes derni\u00e8res sont accessibles sur le Site \u00e0 la rubrique \u00ab Mentions l\u00e9gales \u00bb.<\/p>\n<h4 style=\"text-align: justify;\">ARTICLE 1 &#8211; L&rsquo;EDITEUR<\/h4>\n<p style=\"text-align: justify;\">L\u2019\u00e9dition et la direction de la publication du Site est assur\u00e9e par COUTHEILLAS Philippe, ci-apr\u00e8s l'\u00a0\u00bbEditeur\u00a0\u00bb.<\/p>\n<h4 style=\"text-align: justify;\">ARTICLE 2 &#8211; L&rsquo;HEBERGEUR<\/h4>\n<p style=\"text-align: justify;\">L&rsquo;h\u00e9bergeur du Site est la soci\u00e9t\u00e9 IONOS , dont le si\u00e8ge social est situ\u00e9 au 7 Place de la Gare, BP70109, 57201 Sarreguemines Cedex , avec le num\u00e9ro de t\u00e9l\u00e9phone : 0185851094, et l\u2019adresse email :\u00a0 support@ionos.fr<\/p>\n<h4 style=\"text-align: justify;\">ARTICLE 3 &#8211; ACCES AU SITE<\/h4>\n<p style=\"text-align: justify;\">Le Site est accessible en tout endroit, 7j\/7, 24h\/24 sauf cas de force majeure, interruption programm\u00e9e ou non et pouvant d\u00e9coulant d\u2019une n\u00e9cessit\u00e9 de maintenance.<br \/>\nEn cas de modification, interruption ou suspension du Site, l&rsquo;Editeur ne saurait \u00eatre tenu responsable.<\/p>\n<h4>ARTICLE 4 &#8211; COLLECTE DES DONNEES<\/h4>\n<p style=\"text-align: justify;\">Le Site assure \u00e0 l&rsquo;Utilisateur une collecte et un traitement d&rsquo;informations personnelles dans le respect de la vie priv\u00e9e conform\u00e9ment \u00e0 la loi n\u00b078-17 du 6 janvier 1978 relative \u00e0 l&rsquo;informatique, aux fichiers et aux libert\u00e9s.<br \/>\nEn vertu de la loi Informatique et Libert\u00e9s, en date du 6 janvier 1978, l&rsquo;Utilisateur dispose d&rsquo;un droit d&rsquo;acc\u00e8s, de rectification, de suppression et d&rsquo;opposition de ses donn\u00e9es personnelles. L&rsquo;Utilisateur exerce ce droit via un formulaire de contact ;<br \/>\nToute utilisation, reproduction, diffusion, commercialisation, modification de toute ou partie du Site, sans autorisation de l\u2019Editeur est prohib\u00e9e et pourra entra\u00een\u00e9e des actions et poursuites judiciaires telles que notamment pr\u00e9vues par le Code de la propri\u00e9t\u00e9 intellectuelle et le Code civil.<\/p>\n<p style=\"text-align: justify;\"><span style=\"color: #0000ff;\"><strong><span style=\"text-decoration: underline;\">Composants et origine des produits<\/span><\/strong><\/span><br \/>\n<span style=\"color: #0000ff;\">Le Journal des Coutheillas est garanti sans additif ni colorant de quelque sorte que ce soit. Il ne contient que tr\u00e8s peu de sucre et aucun \u00e9dulcorant.\u00a0Il est enti\u00e8rement r\u00e9alis\u00e9 en France sur MacBook recycl\u00e9.<\/span><\/p>\n<p style=\"text-align: justify;\"><span style=\"color: #0000ff;\"><strong><span style=\"text-decoration: underline;\">Prescriptions, posologie et conseils d\u2019utilisation<\/span><\/strong><\/span><br \/>\n<span style=\"color: #0000ff;\">Le Journal des Coutheillas ne pr\u00e9sente aucune contre-indication ni aucun effet secondaire. Il est particuli\u00e8rement recommand\u00e9 aux femmes enceintes, aux enfants en bas \u00e2ge, aux vieillards, aux militaires et \u00e0 tout un chacun.<\/span><br \/>\n<span style=\"color: #0000ff;\">Il peut \u00eatre consomm\u00e9 sans mod\u00e9ration \u00e0 toute heure. Cependant l\u2019effet optimal sera obtenu avec une consommation matinale, pendant ou juste apr\u00e8s le petit-d\u00e9jeuner ou devant une tasse de th\u00e9, vers cinq heures du soir.<\/span><\/p>\n<p>&nbsp;<\/p>\n<h3><span style=\"text-decoration: underline;\"><strong>Politique de cookies\u00a0<\/strong><\/span><\/h3>\n<h4>Qu&rsquo;est-ce qu&rsquo;un cookie ?<\/h4>\n<p>Voir la page explicative de la CNIL <a href=\"https:\/\/www.cnil.fr\/fr\/definition\/cookie\" target=\"_blank\" rel=\"noopener\">ici<\/a><\/p>\n<p>Lors de votre premi\u00e8re visite sur le Site internet, un bandeau vous informe de la pr\u00e9sence de ces cookies et vous invite \u00e0 indiquer votre choix. Vous pouvez \u00e0 tout moment vous informer et param\u00e9trer les cookies pour les accepter ou les refuser en cliquant sur le lien \u00ab G\u00e9rer le consentement \u00bb\u00a0 pr\u00e9sente en bas \u00e0 droite de l\u2019\u00e9cran sur chaque page du site ou en configurant votre navigateur.<\/p>\n<h4>Les cookies du site<\/h4>\n<h5>Google reCAPTCHA<\/h5>\n<table class=\"dcf-table dcf-table-responsive dcf-table-bordered dcf-table-striped dcf-w-100%\">\n<thead>\n<tr>\n<th scope=\"col\">Nom<\/th>\n<th scope=\"col\">Finalit\u00e9<\/th>\n<th scope=\"col\">Expiration<\/th>\n<th scope=\"col\">Fonction<\/th>\n<\/tr>\n<\/thead>\n<tbody>\n<tr>\n<td>_grecaptcha<\/td>\n<td>fonctionnel<\/td>\n<td>session<\/td>\n<td>pour assurer la protection contre le spam<\/td>\n<\/tr>\n<tr>\n<td>rc::c<\/td>\n<td>marketing\/suivi<\/td>\n<td>session<\/td>\n<td>pour lire et filtrer les demandes des bots<\/td>\n<\/tr>\n<tr>\n<td>rc::b<\/td>\n<td>marketing\/suivi<\/td>\n<td>session<\/td>\n<td>filtrer les requ\u00eates des robots<\/td>\n<\/tr>\n<tr>\n<td>rc::a<\/td>\n<td>marketing\/suivi<\/td>\n<td>persistante<\/td>\n<td>Filtrer les requ\u00eates des robots<\/td>\n<\/tr>\n<\/tbody>\n<\/table>\n<h5>YouTube<\/h5>\n<table class=\"dcf-table dcf-table-responsive dcf-table-bordered dcf-table-striped dcf-w-100%\">\n<thead>\n<tr>\n<th scope=\"col\">Nom<\/th>\n<th scope=\"col\">Finalit\u00e9<\/th>\n<th scope=\"col\">Expiration<\/th>\n<th scope=\"col\">Fonction<\/th>\n<\/tr>\n<\/thead>\n<tbody>\n<tr>\n<td>GPS<\/td>\n<td>marketing\/suivi<\/td>\n<td>session<\/td>\n<td>donn\u00e9es de localisation<\/td>\n<\/tr>\n<tr>\n<td>VISITOR_INFO1_LIVE<\/td>\n<td>fonctionnel<\/td>\n<td>6 mois<\/td>\n<td>estimer la bande passante<\/td>\n<\/tr>\n<tr>\n<td>YSC<\/td>\n<td>marketing\/suivi<\/td>\n<td>session<\/td>\n<td>Stocker et suivre les interactions<\/td>\n<\/tr>\n<tr>\n<td>PREF<\/td>\n<td>marketing\/suivi<\/td>\n<td>8 mois<\/td>\n<td>comportement de navigation<\/td>\n<\/tr>\n<\/tbody>\n<\/table>\n<h5>TUS (Resumable File Transfer)<\/h5>\n<table class=\"dcf-table dcf-table-responsive dcf-table-bordered dcf-table-striped dcf-w-100%\">\n<thead>\n<tr>\n<th scope=\"col\">Nom<\/th>\n<th scope=\"col\">Finalit\u00e9<\/th>\n<th scope=\"col\">Expiration<\/th>\n<th scope=\"col\">Fonction<\/th>\n<\/tr>\n<\/thead>\n<tbody>\n<tr>\n<td>tusSupport<\/td>\n<td>Fonctionnel<\/td>\n<td>persistante<\/td>\n<td>Lire si le transfert de fichier r\u00e9sumable est support\u00e9 (un transfert de fichiers d\u00e9signe l&rsquo;\u00e9change de fichiers de donn\u00e9es entre des syst\u00e8mes informatiques)<\/td>\n<\/tr>\n<\/tbody>\n<\/table>\n<h5>WordPress<\/h5>\n<table class=\"dcf-table dcf-table-responsive dcf-table-bordered dcf-table-striped dcf-w-100%\">\n<thead>\n<tr>\n<th scope=\"col\">Nom<\/th>\n<th scope=\"col\">Finalit\u00e9<\/th>\n<th scope=\"col\">Expiration<\/th>\n<th scope=\"col\">Fonction<\/th>\n<\/tr>\n<\/thead>\n<tbody>\n<tr>\n<td>WP_DATA_USER_7666<\/td>\n<td>fonctionnel<\/td>\n<td>session<\/td>\n<td>pour fournir des fonctions administratives<\/td>\n<\/tr>\n<\/tbody>\n<\/table>\n<p style=\"text-align: justify;\">\n","protected":false},"excerpt":{"rendered":"<p>Gestion des informations La r\u00e9glementation de la Communaut\u00e9 Europ\u00e9enne impose \u00e0 tout organe de presse de pr\u00e9ciser sa politique en mati\u00e8re de gestion des informations recueillies sur ses lecteurs \u00e0 l\u2019occasion de leurs visites sur son site. Pour se conformer \u00e0 cette r\u00e9glementation, le Journal des Coutheillas pr\u00e9cise qu\u2019il ne recueille ni, a fortiori, ne &hellip; <a href=\"https:\/\/www.leblogdescoutheillas.com\/?page_id=21910\" class=\"more-link\">Continuer la lecture de <span class=\"screen-reader-text\">MENTIONS L\u00c9GALES &#038; COOKIES<\/span> <span class=\"meta-nav\">&rarr;<\/span><\/a><\/p>\n","protected":false},"author":1,"featured_media":0,"parent":0,"menu_order":0,"comment_status":"closed","ping_status":"closed","template":"","meta":{"_mo_disable_npp":"","jetpack_post_was_ever_published":false,"footnotes":""},"class_list":["post-21910","page","type-page","status-publish","hentry"],"jetpack_sharing_enabled":true,"_links":{"self":[{"href":"https:\/\/www.leblogdescoutheillas.com\/index.php?rest_route=\/wp\/v2\/pages\/21910","targetHints":{"allow":["GET"]}}],"collection":[{"href":"https:\/\/www.leblogdescoutheillas.com\/index.php?rest_route=\/wp\/v2\/pages"}],"about":[{"href":"https:\/\/www.leblogdescoutheillas.com\/index.php?rest_route=\/wp\/v2\/types\/page"}],"author":[{"embeddable":true,"href":"https:\/\/www.leblogdescoutheillas.com\/index.php?rest_route=\/wp\/v2\/users\/1"}],"replies":[{"embeddable":true,"href":"https:\/\/www.leblogdescoutheillas.com\/index.php?rest_route=%2Fwp%2Fv2%2Fcomments&post=21910"}],"version-history":[{"count":0,"href":"https:\/\/www.leblogdescoutheillas.com\/index.php?rest_route=\/wp\/v2\/pages\/21910\/revisions"}],"wp:attachment":[{"href":"https:\/\/www.leblogdescoutheillas.com\/index.php?rest_route=%2Fwp%2Fv2%2Fmedia&parent=21910"}],"curies":[{"name":"wp","href":"https:\/\/api.w.org\/{rel}","templated":true}]}}

MENTIONS LÉGALES &#038; COOKIES

<p style="text-align: justify;"><span style="color: #0000ff;"><strong><span style="text-decoration: underline;">Gestion des informations</span></strong></span><br />
<span style="color: #0000ff;">La réglementation de la Communauté Européenne impose à tout organe de presse de préciser sa politique en matière de gestion des informations recueillies sur ses lecteurs à l’occasion de leurs visites sur son site. Pour se conformer à cette réglementation, le Journal des Coutheillas précise qu’il ne recueille ni, a fortiori, ne conserve aucune information sur quoi que ce soit car il n’utilise pas de cookies. Pourquoi ? Mais, parce que, de vos goûts, de vos préférences, de vos habitudes et de vos petites manies, il n’a vraiment rien à cirer.</span></p>
<p style="text-align: justify;"><span style="color: #0000ff;">Néanmoins, et pour satisfaire tout un tas de règlements, le Journal des Coutheillas est soumis à l’obligation de publier ce qui suit. Vous, vous n’êtes pas du tout obligé de le lire.</span></p>
<h3 style="text-align: justify;"><span style="text-decoration: underline;">Mentions légales</span></h3>
<p style="text-align: justify;">En vigueur au 01/01/2023</p>
<p style="text-align: justify;">Conformément aux dispositions des Articles 6-III et 19 de la Loi n°2004-575 du 21 juin 2004 pour la Confiance dans l’économie numérique, dite L.C.E.N., il est porté à la connaissance des utilisateurs et visiteurs, ci-après « l&rsquo;Utilisateur », du site https://www.leblogdescoutheillas.com/ , ci-après le « Site », les présentes mentions légales.<br />
La connexion et la navigation sur le Site par l’Utilisateur implique acceptation intégrale et sans réserve des présentes mentions légales.<br />
Ces dernières sont accessibles sur le Site à la rubrique « Mentions légales ».</p>
<h4 style="text-align: justify;">ARTICLE 1 &#8211; L&rsquo;EDITEUR</h4>
<p style="text-align: justify;">L’édition et la direction de la publication du Site est assurée par COUTHEILLAS Philippe, ci-après l' »Editeur ».</p>
<h4 style="text-align: justify;">ARTICLE 2 &#8211; L&rsquo;HEBERGEUR</h4>
<p style="text-align: justify;">L&rsquo;hébergeur du Site est la société IONOS , dont le siège social est situé au 7 Place de la Gare, BP70109, 57201 Sarreguemines Cedex , avec le numéro de téléphone : 0185851094, et l’adresse email :  support@ionos.fr</p>
<h4 style="text-align: justify;">ARTICLE 3 &#8211; ACCES AU SITE</h4>
<p style="text-align: justify;">Le Site est accessible en tout endroit, 7j/7, 24h/24 sauf cas de force majeure, interruption programmée ou non et pouvant découlant d’une nécessité de maintenance.<br />
En cas de modification, interruption ou suspension du Site, l&rsquo;Editeur ne saurait être tenu responsable.</p>
<h4>ARTICLE 4 &#8211; COLLECTE DES DONNEES</h4>
<p style="text-align: justify;">Le Site assure à l&rsquo;Utilisateur une collecte et un traitement d&rsquo;informations personnelles dans le respect de la vie privée conformément à la loi n°78-17 du 6 janvier 1978 relative à l&rsquo;informatique, aux fichiers et aux libertés.<br />
En vertu de la loi Informatique et Libertés, en date du 6 janvier 1978, l&rsquo;Utilisateur dispose d&rsquo;un droit d&rsquo;accès, de rectification, de suppression et d&rsquo;opposition de ses données personnelles. L&rsquo;Utilisateur exerce ce droit via un formulaire de contact ;<br />
Toute utilisation, reproduction, diffusion, commercialisation, modification de toute ou partie du Site, sans autorisation de l’Editeur est prohibée et pourra entraînée des actions et poursuites judiciaires telles que notamment prévues par le Code de la propriété intellectuelle et le Code civil.</p>
<p style="text-align: justify;"><span style="color: #0000ff;"><strong><span style="text-decoration: underline;">Composants et origine des produits</span></strong></span><br />
<span style="color: #0000ff;">Le Journal des Coutheillas est garanti sans additif ni colorant de quelque sorte que ce soit. Il ne contient que très peu de sucre et aucun édulcorant. Il est entièrement réalisé en France sur MacBook recyclé.</span></p>
<p style="text-align: justify;"><span style="color: #0000ff;"><strong><span style="text-decoration: underline;">Prescriptions, posologie et conseils d’utilisation</span></strong></span><br />
<span style="color: #0000ff;">Le Journal des Coutheillas ne présente aucune contre-indication ni aucun effet secondaire. Il est particulièrement recommandé aux femmes enceintes, aux enfants en bas âge, aux vieillards, aux militaires et à tout un chacun.</span><br />
<span style="color: #0000ff;">Il peut être consommé sans modération à toute heure. Cependant l’effet optimal sera obtenu avec une consommation matinale, pendant ou juste après le petit-déjeuner ou devant une tasse de thé, vers cinq heures du soir.</span></p>
<p>&nbsp;</p>
<h3><span style="text-decoration: underline;"><strong>Politique de cookies </strong></span></h3>
<h4>Qu&rsquo;est-ce qu&rsquo;un cookie ?</h4>
<p>Voir la page explicative de la CNIL <a href="https://www.cnil.fr/fr/definition/cookie" target="_blank" rel="noopener">ici</a></p>
<p>Lors de votre première visite sur le Site internet, un bandeau vous informe de la présence de ces cookies et vous invite à indiquer votre choix. Vous pouvez à tout moment vous informer et paramétrer les cookies pour les accepter ou les refuser en cliquant sur le lien « Gérer le consentement »  présente en bas à droite de l’écran sur chaque page du site ou en configurant votre navigateur.</p>
<h4>Les cookies du site</h4>
<h5>Google reCAPTCHA</h5>
<table class="dcf-table dcf-table-responsive dcf-table-bordered dcf-table-striped dcf-w-100%">
<thead>
<tr>
<th scope="col">Nom</th>
<th scope="col">Finalité</th>
<th scope="col">Expiration</th>
<th scope="col">Fonction</th>
</tr>
</thead>
<tbody>
<tr>
<td>_grecaptcha</td>
<td>fonctionnel</td>
<td>session</td>
<td>pour assurer la protection contre le spam</td>
</tr>
<tr>
<td>rc::c</td>
<td>marketing/suivi</td>
<td>session</td>
<td>pour lire et filtrer les demandes des bots</td>
</tr>
<tr>
<td>rc::b</td>
<td>marketing/suivi</td>
<td>session</td>
<td>filtrer les requêtes des robots</td>
</tr>
<tr>
<td>rc::a</td>
<td>marketing/suivi</td>
<td>persistante</td>
<td>Filtrer les requêtes des robots</td>
</tr>
</tbody>
</table>
<h5>YouTube</h5>
<table class="dcf-table dcf-table-responsive dcf-table-bordered dcf-table-striped dcf-w-100%">
<thead>
<tr>
<th scope="col">Nom</th>
<th scope="col">Finalité</th>
<th scope="col">Expiration</th>
<th scope="col">Fonction</th>
</tr>
</thead>
<tbody>
<tr>
<td>GPS</td>
<td>marketing/suivi</td>
<td>session</td>
<td>données de localisation</td>
</tr>
<tr>
<td>VISITOR_INFO1_LIVE</td>
<td>fonctionnel</td>
<td>6 mois</td>
<td>estimer la bande passante</td>
</tr>
<tr>
<td>YSC</td>
<td>marketing/suivi</td>
<td>session</td>
<td>Stocker et suivre les interactions</td>
</tr>
<tr>
<td>PREF</td>
<td>marketing/suivi</td>
<td>8 mois</td>
<td>comportement de navigation</td>
</tr>
</tbody>
</table>
<h5>TUS (Resumable File Transfer)</h5>
<table class="dcf-table dcf-table-responsive dcf-table-bordered dcf-table-striped dcf-w-100%">
<thead>
<tr>
<th scope="col">Nom</th>
<th scope="col">Finalité</th>
<th scope="col">Expiration</th>
<th scope="col">Fonction</th>
</tr>
</thead>
<tbody>
<tr>
<td>tusSupport</td>
<td>Fonctionnel</td>
<td>persistante</td>
<td>Lire si le transfert de fichier résumable est supporté (un transfert de fichiers désigne l&rsquo;échange de fichiers de données entre des systèmes informatiques)</td>
</tr>
</tbody>
</table>
<h5>WordPress</h5>
<table class="dcf-table dcf-table-responsive dcf-table-bordered dcf-table-striped dcf-w-100%">
<thead>
<tr>
<th scope="col">Nom</th>
<th scope="col">Finalité</th>
<th scope="col">Expiration</th>
<th scope="col">Fonction</th>
</tr>
</thead>
<tbody>
<tr>
<td>WP_DATA_USER_7666</td>
<td>fonctionnel</td>
<td>session</td>
<td>pour fournir des fonctions administratives</td>
</tr>
</tbody>
</table>
<p style="text-align: justify;">

<p>Gestion des informations La réglementation de la Communauté Européenne impose à tout organe de presse de préciser sa politique en matière de gestion des informations recueillies sur ses lecteurs à l’occasion de leurs visites sur son site. Pour se conformer à cette réglementation, le Journal des Coutheillas précise qu’il ne recueille ni, a fortiori, ne &hellip; <a href="https://www.leblogdescoutheillas.com/?page_id=21910" class="more-link">Continuer la lecture de <span class="screen-reader-text">MENTIONS LÉGALES &#038; COOKIES</span> <span class="meta-nav">&rarr;</span></a></p>
