{"id":21212,"date":"2019-12-28T12:46:41","date_gmt":"2019-12-28T11:46:41","guid":{"rendered":"http:\/\/www.leblogdescoutheillas.com\/?page_id=21212"},"modified":"2023-12-09T07:25:45","modified_gmt":"2023-12-09T06:25:45","slug":"jdc-what-a-heck","status":"publish","type":"page","link":"https:\/\/www.leblogdescoutheillas.com\/?page_id=21212","title":{"rendered":"WHAT THE HECK ? &#038; MODE D&rsquo;EMPLOI"},"content":{"rendered":"<h2 style=\"text-align: center;\"><em><strong>LE JOURNAL DES COUTHEILLAS\u00a0<\/strong><\/em><\/h2>\n<h2 style=\"text-align: center;\"><strong>What the heck ?<\/strong><\/h2>\n<p style=\"text-align: justify;\">Le premier num\u00e9ro du Journal des Coutheillas a paru le 26 novembre 2013. Entre cette date et le 12 juin 2022, il s&rsquo;est \u00e9coul\u00e9 3122 jours et pour chacune de ces journ\u00e9es, le JdC a publi\u00e9 un article, quelques fois deux.<\/p>\n<p style=\"text-align: justify;\">Ces articles sont constitu\u00e9s de textes originaux, de photographies, de citations, de morceaux choisis, de tableaux ou collages et de critiques de cin\u00e9ma, de th\u00e9\u00e2tre, d&rsquo;exposition ou de litt\u00e9rature.<\/p>\n<p style=\"text-align: justify;\">Un nouvel article parait chaque matin \u00e0 <em><strong>7h47<\/strong><\/em> et quand l&rsquo;actualit\u00e9 l&rsquo;exige, un deuxi\u00e8me article est publi\u00e9 en fin d&rsquo;apr\u00e8s-midi \u00e0 <em><strong>16h47.<\/strong><\/em><\/p>\n<h2 style=\"text-align: center;\"><strong>What&rsquo;s new, Pussy Cat ?<\/strong><\/h2>\n<p>Depuis le 25 novembre 2023, les fr\u00e9quences de parution ont chang\u00e9. Elles sont devenues irr\u00e9guli\u00e8res, \u00e0 raison de un ou deux articles seulement \u00a0par semaine, quelques fois plus.<\/p>\n<h4 style=\"text-align: center;\"><strong><em><u>ABONN\u00c9S<\/u><\/em><\/strong><\/h4>\n<p style=\"text-align: justify;\">Les abonn\u00e9s sont pr\u00e9venus des parutions par un email \u00e0 l&rsquo;adresse qu&rsquo;ils ont donn\u00e9 lors de la souscription (gratuite) de leur abonnement.<\/p>\n<p style=\"text-align: justify;\">Ceux qui ne sont pas abonn\u00e9s ou ne souhaitent pas l&rsquo;\u00eatre peuvent consulter le JdC \u00e0 tout moment par ce lien :<\/p>\n<h4 style=\"text-align: center;\"><strong><a href=\"http:\/\/leblogdescoutheillas.com\/\">http:\/\/leblogdescoutheillas.com\/<\/a><\/strong><\/h4>\n<p>&nbsp;<\/p>\n<h4 style=\"text-align: center;\"><strong><em><u>STATISTIQUES<\/u><\/em><\/strong><\/h4>\n<p style=\"text-align: left;\">Au 12 juin 2022, \u00a03.122\u00e8mejour de parution, le JdC avait fait paraitre 3.820 articles, dont :<\/p>\n<ul>\n<li>1.150 Textes<\/li>\n<li>232 Critiques<\/li>\n<li>398 Tableaux et collages<\/li>\n<li>940 Photographies<\/li>\n<\/ul>\n<p>Depuis l&rsquo;origine, le JdC a enregistr\u00e9 :<\/p>\n<ul>\n<li>172.370 vues<\/li>\n<li>61.113 visiteurs<\/li>\n<li>8.562 commentaires<\/li>\n<\/ul>\n<p style=\"text-align: justify;\">Le nombre d&rsquo;abonn\u00e9s au JdC serait de 691. Mais la-dedans, comment \u00a0faire la part des robots dont j&rsquo;essaie continuellement mais parfois sans succ\u00e8s de me d\u00e9barrasser ?<\/p>\n<h4 style=\"text-align: center;\"><strong><em><u>COMMENTAIRES<\/u><\/em><\/strong><\/h4>\n<p style=\"text-align: justify;\">Les abonn\u00e9s peuvent (<em>et doivent<\/em>) \u00e9mettre des commentaires sur les articles en cliquant sur les mots <span style=\"color: #ff0000;\"><em>Laisser un commentaire<\/em><\/span> ou <span style=\"color: #ff0000;\"><em>Afficher les<\/em><em> commentaires\u00a0<\/em><\/span>\u00a0qui se trouvent sous l&rsquo;article. Les commentaires sont en g\u00e9n\u00e9ral publi\u00e9s sur le journal dans les minutes qui suivent leur \u00e9mission.<\/p>\n<h4 style=\"text-align: center;\"><span style=\"text-decoration: underline;\"><em><strong>RENDEZ-VOUS \u00c0 CINQ HEURES\u00a0<\/strong><\/em><\/span><\/h4>\n<p style=\"text-align: justify;\">Cette page qui parait occasionnellement \u00e0 16h47 reste ouverte aux lecteurs qui souhaiteraient faire paraitre un texte, une nouvelle, un r\u00e9cit, une critique&#8230;. <span style=\"color: #0000ff;\">Ces pages n&rsquo;existent plus depuis le 25\/11\/2023<\/span><\/p>\n<h4 style=\"text-align: center;\"><span style=\"text-decoration: underline;\"><strong><em>DERNIERE HEURE\u00a0<\/em><\/strong><\/span><\/h4>\n<p style=\"text-align: justify;\">Cette rubrique est destin\u00e9e, comme son nom l&rsquo;indique assez bien, \u00e0 informer les lecteurs du JdC des nouvelles urgentes, ou scandaleuses, ou rigolotes.<span style=\"color: #0000ff;\">Ces pages n&rsquo;existent plus depuis le 25\/11\/2023<\/span><\/p>\n<h4 style=\"text-align: center;\"><span style=\"text-decoration: underline;\"><em><strong>NOUVELLES DU FRONT\u00a0<\/strong><\/em><\/span><\/h4>\n<p>Celle-ci est consacr\u00e9e \u00e0 la d\u00e9nonciation des manifestations les plus frappantes de la b\u00eatise humaine.<span style=\"color: #0000ff;\">Ces pages n&rsquo;existent plus depuis le 25\/11\/2023<\/span><\/p>\n<h4 style=\"text-align: center;\"><span style=\"text-decoration: underline;\"><em>ARCHIVES\u00a0<\/em><\/span><\/h4>\n<p>Les articles et les commentaires sont conserv\u00e9s ind\u00e9finiment<\/p>\n<h4 style=\"text-align: center;\"><span style=\"text-decoration: underline;\"><em><strong>INFORMATIQUE ET LIBERT\u00c9<\/strong><\/em><\/span><\/h4>\n<p>L&rsquo;informatique ne permet plus aucune libert\u00e9. Vous \u00eates pr\u00e9venus.<\/p>\n<p>&nbsp;<\/p>\n<h3 style=\"text-align: center;\"><span style=\"text-decoration: underline;\"><strong>MODE D&rsquo;EMPLOI<\/strong><\/span><\/h3>\n<p style=\"text-align: justify;\">Le Journal se compose d&rsquo;un bandeau en partie sup\u00e9rieure. Il change \u00e0 chaque consultation. La devise est souvent tir\u00e9e d&rsquo;un aphorisme d&rsquo;Alexandre Vialatte, d\u00e9form\u00e9e au gr\u00e9 du r\u00e9dacteur en chef. Parfois, elle a un sens plus profond. La plupart du temps, elle ne signifie rien du tout.<\/p>\n<p><img loading=\"lazy\" decoding=\"async\" class=\"aligncenter size-medium wp-image-21199\" src=\"http:\/\/www.leblogdescoutheillas.com\/wp-content\/uploads\/2019\/12\/Capture-d\u2019e\u0301cran-2019-12-28-a\u0300-11.49.11-300x54.png\" alt=\"\" width=\"300\" height=\"54\" srcset=\"https:\/\/www.leblogdescoutheillas.com\/wp-content\/uploads\/2019\/12\/Capture-d\u2019e\u0301cran-2019-12-28-a\u0300-11.49.11-300x54.png 300w, https:\/\/www.leblogdescoutheillas.com\/wp-content\/uploads\/2019\/12\/Capture-d\u2019e\u0301cran-2019-12-28-a\u0300-11.49.11-960x173.png 960w, https:\/\/www.leblogdescoutheillas.com\/wp-content\/uploads\/2019\/12\/Capture-d\u2019e\u0301cran-2019-12-28-a\u0300-11.49.11-768x138.png 768w, https:\/\/www.leblogdescoutheillas.com\/wp-content\/uploads\/2019\/12\/Capture-d\u2019e\u0301cran-2019-12-28-a\u0300-11.49.11.png 1366w\" sizes=\"auto, (max-width: 300px) 100vw, 300px\" \/><\/p>\n<p style=\"text-align: justify;\">Sous le bandeau, se trouve la liste des pages. Pour les consulter, cliquer sur le titre de la page.<\/p>\n<p>Sous la liste des pages apparait l&rsquo;article du jour :<\/p>\n<p><img loading=\"lazy\" decoding=\"async\" class=\"alignleft size-medium wp-image-21217\" src=\"http:\/\/www.leblogdescoutheillas.com\/wp-content\/uploads\/2019\/12\/Capture-d\u2019e\u0301cran-2019-12-28-a\u0300-12.49.20-300x179.png\" alt=\"\" width=\"300\" height=\"179\" srcset=\"https:\/\/www.leblogdescoutheillas.com\/wp-content\/uploads\/2019\/12\/Capture-d\u2019e\u0301cran-2019-12-28-a\u0300-12.49.20-300x179.png 300w, https:\/\/www.leblogdescoutheillas.com\/wp-content\/uploads\/2019\/12\/Capture-d\u2019e\u0301cran-2019-12-28-a\u0300-12.49.20-768x457.png 768w, https:\/\/www.leblogdescoutheillas.com\/wp-content\/uploads\/2019\/12\/Capture-d\u2019e\u0301cran-2019-12-28-a\u0300-12.49.20.png 855w\" sizes=\"auto, (max-width: 300px) 100vw, 300px\" \/><\/p>\n<p>&nbsp;<\/p>\n<p>&nbsp;<\/p>\n<p>&nbsp;<\/p>\n<p>&nbsp;<\/p>\n<p style=\"text-align: justify;\">A droite de cet article, la case d&rsquo;abonnement \u00e0 utiliser sans h\u00e9sitation.<img loading=\"lazy\" decoding=\"async\" class=\"size-thumbnail wp-image-21206 alignright\" src=\"http:\/\/www.leblogdescoutheillas.com\/wp-content\/uploads\/2019\/12\/Capture-d\u2019e\u0301cran-2019-12-28-a\u0300-11.49.53-150x150.png\" alt=\"\" width=\"150\" height=\"150\" \/><\/p>\n<p>&nbsp;<\/p>\n<p>&nbsp;<\/p>\n<p style=\"text-align: justify;\">Sous la case d&rsquo;abonnement figure la liste des commentaires r\u00e9cents puis celle des articles r\u00e9cents. On peut les consulter en cliquant dessus.<img loading=\"lazy\" decoding=\"async\" class=\"alignleft size-medium wp-image-21208\" src=\"http:\/\/www.leblogdescoutheillas.com\/wp-content\/uploads\/2019\/12\/Capture-d\u2019e\u0301cran-2019-12-28-a\u0300-11.50.27-174x300.png\" alt=\"\" width=\"174\" height=\"300\" srcset=\"https:\/\/www.leblogdescoutheillas.com\/wp-content\/uploads\/2019\/12\/Capture-d\u2019e\u0301cran-2019-12-28-a\u0300-11.50.27-174x300.png 174w, https:\/\/www.leblogdescoutheillas.com\/wp-content\/uploads\/2019\/12\/Capture-d\u2019e\u0301cran-2019-12-28-a\u0300-11.50.27.png 320w\" sizes=\"auto, (max-width: 174px) 100vw, 174px\" \/><img loading=\"lazy\" decoding=\"async\" class=\"alignleft size-medium wp-image-21207\" src=\"http:\/\/www.leblogdescoutheillas.com\/wp-content\/uploads\/2019\/12\/Capture-d\u2019e\u0301cran-2019-12-28-a\u0300-11.50.45-161x300.png\" alt=\"\" width=\"161\" height=\"300\" srcset=\"https:\/\/www.leblogdescoutheillas.com\/wp-content\/uploads\/2019\/12\/Capture-d\u2019e\u0301cran-2019-12-28-a\u0300-11.50.45-161x300.png 161w, https:\/\/www.leblogdescoutheillas.com\/wp-content\/uploads\/2019\/12\/Capture-d\u2019e\u0301cran-2019-12-28-a\u0300-11.50.45.png 305w\" sizes=\"auto, (max-width: 161px) 100vw, 161px\" \/><\/p>\n<p style=\"text-align: justify;\">Voil\u00e0, vous savez tout.<\/p>\n<p>&nbsp;<\/p>\n<p>&nbsp;<\/p>\n<p>&nbsp;<\/p>\n<h4 style=\"text-align: center;\"><\/h4>\n","protected":false},"excerpt":{"rendered":"<p>LE JOURNAL DES COUTHEILLAS\u00a0 What the heck ? Le premier num\u00e9ro du Journal des Coutheillas a paru le 26 novembre 2013. Entre cette date et le 12 juin 2022, il s&rsquo;est \u00e9coul\u00e9 3122 jours et pour chacune de ces journ\u00e9es, le JdC a publi\u00e9 un article, quelques fois deux. Ces articles sont constitu\u00e9s de textes &hellip; <a href=\"https:\/\/www.leblogdescoutheillas.com\/?page_id=21212\" class=\"more-link\">Continuer la lecture de <span class=\"screen-reader-text\">WHAT THE HECK ? &#038; MODE D&rsquo;EMPLOI<\/span> <span class=\"meta-nav\">&rarr;<\/span><\/a><\/p>\n","protected":false},"author":1,"featured_media":0,"parent":0,"menu_order":0,"comment_status":"closed","ping_status":"closed","template":"","meta":{"_mo_disable_npp":"","footnotes":""},"class_list":["post-21212","page","type-page","status-publish","hentry"],"jetpack_sharing_enabled":true,"_links":{"self":[{"href":"https:\/\/www.leblogdescoutheillas.com\/index.php?rest_route=\/wp\/v2\/pages\/21212","targetHints":{"allow":["GET"]}}],"collection":[{"href":"https:\/\/www.leblogdescoutheillas.com\/index.php?rest_route=\/wp\/v2\/pages"}],"about":[{"href":"https:\/\/www.leblogdescoutheillas.com\/index.php?rest_route=\/wp\/v2\/types\/page"}],"author":[{"embeddable":true,"href":"https:\/\/www.leblogdescoutheillas.com\/index.php?rest_route=\/wp\/v2\/users\/1"}],"replies":[{"embeddable":true,"href":"https:\/\/www.leblogdescoutheillas.com\/index.php?rest_route=%2Fwp%2Fv2%2Fcomments&post=21212"}],"version-history":[{"count":0,"href":"https:\/\/www.leblogdescoutheillas.com\/index.php?rest_route=\/wp\/v2\/pages\/21212\/revisions"}],"wp:attachment":[{"href":"https:\/\/www.leblogdescoutheillas.com\/index.php?rest_route=%2Fwp%2Fv2%2Fmedia&parent=21212"}],"curies":[{"name":"wp","href":"https:\/\/api.w.org\/{rel}","templated":true}]}}